{"id":31,"date":"2021-09-06T16:13:35","date_gmt":"2021-09-06T20:13:35","guid":{"rendered":"http:\/\/www.empleosmarina.cl\/curico\/?page_id=31"},"modified":"2021-09-06T16:13:35","modified_gmt":"2021-09-06T20:13:35","slug":"terminos-condiciones","status":"publish","type":"page","link":"https:\/\/www.empleosmarina.cl\/curico\/terminos-condiciones\/","title":{"rendered":"T\u00e9rminos y Condiciones"},"content":{"rendered":"<h4>Responsabilidad de Grupo Marina.<\/h4>\n<p>Este sitio de internet es s\u00f3lo una sede para que los empleadores, arrendatarios de los centros comerciales de propiedad de Inmobiliaria Mall Vi\u00f1a del Mar S.A. (\u201cGrupo Marina\u201d), publiquen oportunidades de trabajo. Grupo Marina s\u00f3lo pone a disposici\u00f3n de los empleadores este sitio de internet para que ellos publiquen las oportunidades de trabajo. Grupo Marina no interviene ni participa en los procesos de selecci\u00f3n ni en ninguna transacci\u00f3n entre los empleadores y los potenciales candidatos, y no tiene control alguno sobre la calidad, seguridad, legalidad, veracidad, precisi\u00f3n o confiabilidad de las publicaciones que se realicen a trav\u00e9s de este sitio de internet. En consecuencia, la publicaci\u00f3n de las oportunidades de empleo es realizada directamente por los empleadores, limit\u00e1ndose la labor de Grupo Marina a facilitar la publicaci\u00f3n y difusi\u00f3n de las mismas a trav\u00e9s de este sitio de internet. Se deja expresa constancia que Grupo Marina no selecciona o realiza censura alguna a la informaci\u00f3n contenida en los avisos que son publicados en este sitio de internet.<\/p>\n<p>Como consecuencia de lo anterior, en la medida que sea permitido por la ley aplicable y salvo que se disponga expresamente lo contrario en estos T\u00e9rminos y Condiciones, Grupo Marina no se responsabiliza por da\u00f1os o perjuicios de cualquier naturaleza que haya podido sufrir el empleador anunciante y\/o el potencial candidato como consecuencia de los anuncios o de las transacciones que puedan realizarse entre ellos.<\/p>\n<h4>Responsabilidad por los anuncios.<\/h4>\n<p>Como se ha se\u00f1alado, la publicaci\u00f3n a trav\u00e9s de este sitio de internet de avisos de oportunidades de empleo y toda la informaci\u00f3n contenida en ellos es de exclusiva responsabilidad de los empleadores.<\/p>\n<p>Mediante la publicaci\u00f3n de los avisos en este sitio de internet, los empleadores declaran y garantizan que cuentan con las autorizaciones y derechos necesarios para realizar la publicaci\u00f3n de toda la informaci\u00f3n contenida en los mismos, siendo responsables los empleadores, de forma exclusiva, por cualquier infracci\u00f3n a los derechos de terceros, oblig\u00e1ndose a mantener indemne a Grupo Marina y sus personas relacionadas frente a cualquier reclamaci\u00f3n por parte de terceros a este respecto.<\/p>\n<p>Los avisos que sean publicados a trav\u00e9s de este sitio de internet deber\u00e1n cumplir con todas las leyes y normativas aplicables. A mayor abundamiento, queda estrictamente prohibido a los empleadores publicar avisos cuyo contenido sea contrario a cualquier ley o reglamento aplicable; que sea inapropiado, discriminatorio, amenazador, difamatorio, ofensivo, despectivo, abusivo u obsceno; que de alguna manera infrinja derechos de autor, marcas registradas y, en general, cualquier otro derecho de propiedad intelectual de terceros; o que viole la privacidad u otros derechos personales de terceros.<\/p>\n<p>Los empleadores y candidatos reconocen y aceptan que Grupo Marina no es parte de los procesos de selecci\u00f3n ni de ninguna transacci\u00f3n relativa a los avisos publicados, ni tiene control alguno sobre la calidad, seguridad o legalidad de los avisos publicados. A mayor abundamiento, Grupo Marina no asume responsabilidad por errores u omisiones en la publicaci\u00f3n de avisos realizados a trav\u00e9s de este sitio de internet, la que recaer\u00e1 exclusivamente sobre el empleador que la haya generado.<\/p>\n<h4>Derechos sobre im\u00e1genes, fotograf\u00edas, marcas e informaci\u00f3n de los productos.<\/h4>\n<p>Los empleadores declaran y garantizan que son titulares o que cuentan con las autorizaciones y derechos necesarios sobre las im\u00e1genes, fotograf\u00edas, marcas, logos, as\u00ed como sobre la informaci\u00f3n contenidas en sus publicaciones en este sitio de internet, y que cuentan con los derechos y facultades necesarias para conceder la autorizaci\u00f3n a que se refiere la presente cl\u00e1usula, siendo los responsables exclusivos por cualquier infracci\u00f3n a derechos de terceros o por las inconsistencias o inexactitud en la informaci\u00f3n publicada.<\/p>\n<p>Los avisadores otorgan a Grupo Marina y a sus sociedades relacionadas una autorizaci\u00f3n gratuita, irrevocable, no exclusiva para usar, publicar, reproducir y\/o adaptar las im\u00e1genes, fotograf\u00edas, la marca y la informaci\u00f3n de los avisos de empleo con el fin de ser publicados en este sitio de internet.<\/p>\n<h4>Fallas en el sistema.<\/h4>\n<p>Grupo Marina no se responsabiliza por da\u00f1os, perjuicios o p\u00e9rdidas a los empleadores y\/o a los candidatos causados por suspensiones o fallas que puedan ocasionarse en el sitio de internet o fallas en el servicio de Internet que puedan afectar el correcto funcionamiento de este sitio. Grupo Marina tampoco ser\u00e1 responsable por cualquier virus que pudiera infectar el equipo de los usuarios como consecuencia del acceso, uso o examen de este sitio de internet. Los empleadores y candidatos del sistema no podr\u00e1n imputar a Grupo Marina responsabilidad alguna ni exigir el pago de indemnizaci\u00f3n alguna, en virtud de perjuicios resultantes de dificultades t\u00e9cnicas, suspensiones o fallas en los sistemas o en Internet. Grupo Marina no garantiza el acceso y uso continuado o ininterrumpido de este sitio de internet. El sistema puede eventualmente no estar disponible debido a dificultades t\u00e9cnicas o fallas de Internet, o por cualquier otra circunstancia ajena a Grupo Marina, casos en los que Grupo Marina procurar\u00e1 restablecerlo con la mayor celeridad posible, pero sin que la demora o imposibilidad en restablecer el servicio resulte en alg\u00fan tipo de responsabilidad para Grupo Marina.<\/p>\n<h4>Vigencia de los T\u00e9rminos y Condiciones.<\/h4>\n<p>La presente versi\u00f3n de los T\u00e9rminos y Condiciones entrar\u00e1 en vigencia a partir de la fecha de su publicaci\u00f3n en el sitio de internet y seguir\u00e1 vigente mientras no sea modificada por otro instrumento que ser\u00e1 debidamente publicado por Grupo Marina en este sitio.<\/p>\n<p>Cualquier modificaci\u00f3n a esta versi\u00f3n de los T\u00e9rminos y Condiciones no afectar\u00e1 los derechos adquiridos por terceros.<\/p>\n","protected":false},"excerpt":{"rendered":"<p>Responsabilidad de Grupo Marina. Este sitio de internet es s\u00f3lo una sede para que los empleadores, arrendatarios de los centros comerciales de propiedad de Inmobiliaria Mall Vi\u00f1a del Mar S.A. (\u201cGrupo Marina\u201d), publiquen oportunidades de trabajo. Grupo Marina s\u00f3lo pone a disposici\u00f3n de los empleadores este sitio de internet para que ellos publiquen las oportunidades [&hellip;]<\/p>\n","protected":false},"author":1,"featured_media":0,"parent":0,"menu_order":0,"comment_status":"closed","ping_status":"closed","template":"","meta":{"_acf_changed":false,"footnotes":""},"class_list":["post-31","page","type-page","status-publish","hentry"],"acf":[],"_links":{"self":[{"href":"https:\/\/www.empleosmarina.cl\/curico\/wp-json\/wp\/v2\/pages\/31","targetHints":{"allow":["GET"]}}],"collection":[{"href":"https:\/\/www.empleosmarina.cl\/curico\/wp-json\/wp\/v2\/pages"}],"about":[{"href":"https:\/\/www.empleosmarina.cl\/curico\/wp-json\/wp\/v2\/types\/page"}],"author":[{"embeddable":true,"href":"https:\/\/www.empleosmarina.cl\/curico\/wp-json\/wp\/v2\/users\/1"}],"replies":[{"embeddable":true,"href":"https:\/\/www.empleosmarina.cl\/curico\/wp-json\/wp\/v2\/comments?post=31"}],"version-history":[{"count":1,"href":"https:\/\/www.empleosmarina.cl\/curico\/wp-json\/wp\/v2\/pages\/31\/revisions"}],"predecessor-version":[{"id":32,"href":"https:\/\/www.empleosmarina.cl\/curico\/wp-json\/wp\/v2\/pages\/31\/revisions\/32"}],"wp:attachment":[{"href":"https:\/\/www.empleosmarina.cl\/curico\/wp-json\/wp\/v2\/media?parent=31"}],"curies":[{"name":"wp","href":"https:\/\/api.w.org\/{rel}","templated":true}]}}